at is the units digit of o/((-68)/3504) + -8?
8
Suppose 4*w = 3*a + 12, 3*w - 4*a + 16 = -8*a. Suppose 3*l - t = 20, 0 = -2*t + 3 - 13. Suppose -m + 4 = w, 4*x - 143 = x - l*m. What is the tens digit of x?
4
Let o = -19595 - -28192. What is the thousands digit of o?
8
What is the units digit of (-1363050)/(-100) - (84/(-8))/(-7)?
9
Suppose -12*w + 16*w = 5*b - 217, -73 = w - 5*b. Suppose -3*q - 169 = 149. Let n = w - q. What is the units digit of n?
8
Suppose -4*u + 3*x - 154 - 11 = 0, 2*x + 170 = -4*u. Let q be (5/(-6))/(7/u). Suppose -4*w = z - 57, 0*w + q*w + 310 = 5*z. What is the tens digit of z?
6
Suppose -3*z + 38352 = w, 0 = -2*z + 2*w - 2983 + 28551. What is the ten thousands digit of z?
1
Suppose 7*d = 4*d + 21. Suppose 4*o = 9*o - 270. Suppose -o = u - d*u. What is the units digit of u?
9
Let u(h) = 11*h**3 - 4*h**2 - 28*h - 309. What is the hundreds digit of u(20)?
5
Suppose 3*z = 372 + 342. Let r = 38893 + -39054. Let a = z + r. What is the tens digit of a?
7
Let d(c) = -2*c - 17. Let l be d(-10). Suppose -l*i + 5*i - 682 = 0. What is the hundreds digit of i?
3
Let n(v) = -5*v**3 + 7*v**2 + 6*v - 1. Let u(y) = -y**3 - y**2 - y. Let g(s) = -n(s) + 6*u(s). What is the hundreds digit of g(-14)?
3
Suppose 77*t - 73*t + 92 = 0. Let l(q) = -q**3 - q + 32. Let v be l(0). Let g = v + t. What is the units digit of g?
9
Suppose m = 4*i + 399 - 2335, m = 5*i - 2419. What is the hundreds digit of 0 + -4 - (-1 - i)?
4
Let c = 324 - -132. Let n = c - 232. What is the units digit of n?
4
Let x(w) = -7*w - 4. Let a be x(-1). Suppose 0 = -a*c + 17 - 5. Suppose 0 = -c*f - u + 210, 42 = -4*f + 5*u + 240. What is the units digit of f?
2
Let d be 9/(-2)*(1008 - -30). Let r = -3273 - d. What is the units digit of r?
8
Suppose -2*a = 5*t - 177989, -21*t = -25*t + 5*a + 142345. What is the units digit of t?
5
Let m = -115 - -110. Let y(f) = -f**2 - 45*f + 7. What is the tens digit of y(m)?
0
Let z = -851 - -849. What is the hundreds digit of (-153111)/(-207) + (16/(-6) - z)?
7
Suppose -97*a + 99*a - 338 = 0. Let o = a - -127. What is the units digit of o?
6
Let z(b) = 35*b**3 + 6*b**2 + 5*b - 2. Let y be z(-2). Let o = y + 372. What is the units digit of o?
4
Let y(v) = 16*v**2 + v - 8. Let p(x) = x**2 + 20*x - 40. Let h be p(-22). Let n be y(h). Suppose 10*b - n = 38. What is the tens digit of b?
2
Let s(q) = q**2 - 3*q - 1. Let m be s(5). Let z = -2458 - -2582. Suppose m*y - 1654 = -z. What is the tens digit of y?
7
Let p(n) = n**3 + 14*n**2 - 12*n - 19. Suppose -y = 3*g + 42 - 17, 0 = -4*g - 16. What is the tens digit of p(y)?
0
Let m(a) = a**3 - 29*a**2 - 13*a - 32. What is the thousands digit of m(33)?
3
Suppose -t - 49 = -5*m, 3*t - 4*t + 2*m - 64 = 0. What is the units digit of -2*(t - (1 + 3/3))?
2
Let p(x) = x - 2. Let j be p(6). Suppose -2*t + 6*t - 2*u + 128 = 0, 4*t = -j*u - 140. Let r = t + 151. What is the hundreds digit of r?
1
Suppose 5*x - 7850 = 15*x. Let k = x + 1556. What is the tens digit of k?
7
Let c = 18326 + 4983. What is the thousands digit of c?
3
Let i(v) = 13*v + 47. Suppose -f - 81 = -5*o, 3*o = 6*o + f - 55. What is the hundreds digit of i(o)?
2
Let a = -8378 + 15610. What is the units digit of a?
2
Suppose 9*h - 6 = 6*h. Suppose -5*v - 5 = g - h*g, 2*v + 5*g = -2. What is the tens digit of (-1)/(5/(-75)) + v?
1
Let n(x) = x**3 + 9*x**2 + 11*x + 7. Let p be n(-8). Let z(m) = 5*m - 20. Let k be z(p). Let o = k - -151. What is the tens digit of o?
4
Suppose -2*k - 28 = -0*o - 2*o, o + 5*k = -16. Let i(b) = 359*b**2 - b**3 + 10 - 368*b**2 + b - o*b + 0*b. What is the tens digit of i(-8)?
1
Suppose -2*r + 92517 = -5*u, -4*r + 3*u - 82334 = -267347. What is the ten thousands digit of r?
4
Let i = 3485 + -785. What is the tens digit of i?
0
Suppose -f + 7499 = j, 5*f - 29*j + 30*j = 37499. What is the hundreds digit of f?
5
Suppose 0 = -h - 3*r + 13939, h - 6*r - 27902 = -h. What is the ten thousands digit of h?
1
Suppose 1119618 = 109*p - 1028200 - 1538998. What is the hundreds digit of p?
8
Suppose 3*k = -3*t + 9, 4*t - 4*k + 5 - 25 = 0. Suppose 0 = -o + 3*i + 134, o + t*o + 4*i = 575. What is the hundreds digit of o?
1
Suppose 6*l - 61819 = 4*l - 3*i, 3*i - 3 = 0. What is the hundreds digit of l?
9
Let a = 429 - -200. Let j = a - 162. What is the tens digit of j?
6
Suppose -5*h = -2*s + 9, 3 = 7*h - 8*h. What is the units digit of 161*s*36/(-27)?
4
Suppose 50*t + 41280 = 146*t. What is the units digit of t?
0
Suppose 4*o = -3*o + 728. Let a = o - 90. What is the tens digit of a?
1
Suppose -7*b - q = -2*b - 10978, 2*b - 3*q - 4398 = 0. What is the thousands digit of b?
2
What is the units digit of -7080*((-340)/(-80))/(-17)?
0
What is the units digit of -1*4/(-34) - (-40947855)/1105?
7
Let i = -43 + 195. Let j = i - -40. What is the units digit of j?
2
Let d = 89 + -39. Let y be (12/10)/(15/d). Suppose -y*p - 9 + 65 = 0. What is the units digit of p?
4
Let c(q) = 106*q + 28. Let y be c(-5). Let g = 261 + y. Let v = g + 400. What is the units digit of v?
9
Suppose -173*b = -188*b + 375375 - 31155. What is the ten thousands digit of b?
2
Let c(m) = m**3 - 26*m**2 + 25*m + 19. Let n = 52 + -27. Let y be c(n). Suppose -5*u + 24 = y. What is the units digit of u?
1
Suppose -2*w = 16, -52*v = -48*v + w - 63600. What is the tens digit of v?
0
Let c(l) = 2*l**3 - 23*l**2 + 30*l + 19. Let b be c(14). Suppose -6*t + b = -2313. What is the tens digit of t?
2
Let d = -389 - -402. What is the hundreds digit of (-1596)/6*d/(-2)*1?
7
Let y(h) = -27*h - 79. Let t be y(-12). Suppose -j - 60 = -b, -b - j + t = 3*b. What is the units digit of b?
1
Let d(c) = 69*c**3 - 5*c**2 - 2*c - 1. Let v be d(-2). Let x = 297 - v. What is the hundreds digit of x?
8
Suppose -x + 3*x = 468. Let p = 168 - 29. Let k = x - p. What is the tens digit of k?
9
Let t = -16257 - -35260. What is the tens digit of t?
0
Suppose n = 218 - 220. What is the units digit of 377/4 - -5*n/8?
3
Suppose 29*j - 72*j + 767624 = 45*j. What is the tens digit of j?
2
Suppose 10864*d - 10888*d = -926760. What is the units digit of d?
5
Let r(u) = -2*u**3 - 4*u**2 - 7. Let l be r(-3). Let k = -1 - -1. Suppose c = -k + l. What is the tens digit of c?
1
Suppose 0 = -3825*r + 3774*r + 592722. What is the tens digit of r?
2
Suppose 3*m + 14 = 59. What is the hundreds digit of ((-5976)/(-108))/(2/m)?
4
Let f(t) = -111*t - 12. Suppose -3 = -a - 19*z + 16*z, -a + 2*z = 12. What is the tens digit of f(a)?
5
Suppose 8*h - 896 = 4*h. Let l = 229 - h. What is the units digit of l?
5
Suppose 0 = d - 4*o - 0*o - 20, -o - 5 = -2*d. Suppose q = s - 3*q + 20, d = 2*s + 3*q - 15. Let k(j) = j**2 + 3*j + 121. What is the units digit of k(s)?
1
Suppose 4*l = 2*v + 174, l - 66 = 5*v - 0*v. Let q = l + -41. What is the tens digit of q - (-1324)/24 - (-1)/(-6)?
5
Let x be 30/(-5) + (0 - -173). Let g = 1331 - x. What is the thousands digit of g?
1
Let v(i) = 289 - 3*i - 262 - 6*i. Let t be v(-11). Suppose -3*f + 4*u = -4*f + t, 5*f - 750 = 4*u. What is the hundreds digit of f?
1
Suppose 3*i = -n + 80453, i + 289*n - 26801 = 292*n. What is the thousands digit of i?
6
Let n = -10081 - -16238. What is the units digit of n?
7
Let s be 10/6 - (-4)/(-6). Let l(r) = -4*r**2 + 44*r**3 + 3*r**2 + 32*r**3 + 84*r**3. What is the tens digit of l(s)?
5
Let o(b) = -b - 6. Let g be o(-7). What is the tens digit of (g/(-2))/((-34)/8296)?
2
Suppose 0 = -17*y + 18*y - 3056. Let o = y + -1273. What is the units digit of o?
3
Suppose 4*d = -4*r + 92, d = -5*r - 3 + 118. Let k = r - 19. Suppose -4*j - k = 0, z + 3*j - 171 = -58. What is the tens digit of z?
1
Let v = 4543 - -6694. What is the units digit of v?
7
Let d = 37 - 36. Let s be -9 - 3 - (3 + d). Let f = s + 137. What is the hundreds digit of f?
1
Suppose -5*d - 3415 = 4*q, 0 = 8*q - 9*q - d - 854. Let x = -557 - q. What is the hundreds digit of x?
2
Let t(z) = 8*z**2 - 91*z + 3. Let j = -347 + 363. What is the hundreds digit of t(j)?
5
Let i(q) = 9233*q - 3338. What is the thousands digit of i(4)?
3
Let x(k) be the first derivative of -k**3/3 - k**2/2 + 16*k + 33. Let c be x(-5). What is the units digit of (0 - 59/c)/(29/464)?
6
Let p(o) = -386*o + 2 + 380*o + 2 - o**3 + 4*o**2 - 2*o**2. What is the units digit of p(-7)?
7
Suppose 3*j = -2*j - n + 7, 3 = -n. Suppose 